{"id":140,"date":"2024-07-24T07:50:49","date_gmt":"2024-07-24T07:50:49","guid":{"rendered":"https:\/\/experience-reloaded.de\/?page_id=140"},"modified":"2025-10-26T13:22:49","modified_gmt":"2025-10-26T12:22:49","slug":"unsere-treffen","status":"publish","type":"page","link":"https:\/\/experience-reloaded.de\/?page_id=140","title":{"rendered":"Unsere Treffen"},"content":{"rendered":"<div id=\"fb-root\">\u00a0<\/div>\n<p><script async defer crossorigin=\"anonymous\" src=\"https:\/\/connect.facebook.net\/de_DE\/sdk.js#xfbml=1&#038;version=v20.0\" nonce=\"cZ8XdI2F\"><\/script><\/p>\n<p>Klickt gern auf das Datum um zur Anmeldung zu gelangen.<\/p>\n\n<ul class=\"wp-block-latest-posts__list is-grid columns-3 wp-block-latest-posts\"><li><div class=\"wp-block-latest-posts__featured-image\"><img decoding=\"async\" width=\"150\" height=\"150\" src=\"https:\/\/experience-reloaded.de\/wp-content\/uploads\/2025\/08\/2b134e94-cc4c-47d7-b4c1-5e58ff2235b4-2-150x150.jpg\" class=\"attachment-thumbnail size-thumbnail wp-post-image\" alt=\"\" style=\"\" \/><\/div><a class=\"wp-block-latest-posts__post-title\" href=\"https:\/\/experience-reloaded.de\/?p=855\">Auftakttreffen &#8222;Experience Days 2026&#8220; &#8211; 01.-03.05.2026<\/a><div class=\"wp-block-latest-posts__post-excerpt\">Unser diesj\u00e4hriges Auftakttreffen findet erneut auf dem Campingplatz H\u00f6llental statt. Die Anreise ist ab Freitag, dem 01.05.2026 m\u00f6glich. Bitte nutzt zur Anmeldung ausschlie\u00dflich das nachfolgende Anmeldeformular. Die Buchung auf dem Platz erfolgt durch uns. Euch erwartet wieder ein tolles Treffen mit einem Fotoshooting auf dem Schleizer Dreieck, pers\u00f6nlich gef\u00fchrte Museumstour durch die Geschichte des Schleizer &hellip;<\/div><\/li>\n<li><div class=\"wp-block-latest-posts__featured-image\"><img decoding=\"async\" width=\"150\" height=\"150\" src=\"https:\/\/experience-reloaded.de\/wp-content\/uploads\/2025\/08\/1cb26e85-670c-415a-87a8-240da17bb25a-150x150.jpg\" class=\"attachment-thumbnail size-thumbnail wp-post-image\" alt=\"\" style=\"\" \/><\/div><a class=\"wp-block-latest-posts__post-title\" href=\"https:\/\/experience-reloaded.de\/?p=646\">Abschlusstreffen 03.-05.10.2025<\/a><div class=\"wp-block-latest-posts__post-excerpt\">Vom 03.-05.10.2025 fand das Abschlusstreffen des Vereins Experience Reloaded e.V. statt, das trotz des unbest\u00e4ndigen Herbstwetters ein voller Erfolg wurde. Dank der gro\u00dfz\u00fcgigen Unterst\u00fctzung durch die gesponserten Pavillons der Firma FB Consulting blieben alle Teilnehmer trocken und konnten das Event in vollen Z\u00fcgen genie\u00dfen. H\u00f6hepunkt des Treffens war eine gemeinsame Ausfahrt, die trotz Regen und &hellip;<\/div><\/li>\n<li><div class=\"wp-block-latest-posts__featured-image\"><img decoding=\"async\" width=\"150\" height=\"150\" src=\"https:\/\/experience-reloaded.de\/wp-content\/uploads\/2025\/03\/IMG_5378-150x150.jpg\" class=\"attachment-thumbnail size-thumbnail wp-post-image\" alt=\"\" style=\"\" \/><\/div><a class=\"wp-block-latest-posts__post-title\" href=\"https:\/\/experience-reloaded.de\/?p=482\">Sommertreffen 25.07. \u2013 27.07.2025<\/a><div class=\"wp-block-latest-posts__post-excerpt\">Unser Sommertreffen auf dem Campingplatz www.camp-casel.de ging leider viel zu schnell vorbei. In kleiner famili\u00e4ren Aufstellung hatten wir entspannte Tage und eine wunderbare gemeinsame Zeit. Zwischen Grill und k\u00fchlen Getr\u00e4nken f\u00fchrten wir tolle Gespr\u00e4che, die uns immer wieder gern in Erinnerung bleiben. Zu unserer Freude durften wir an unserem Event-Samstag sogar einen Neuzugang begr\u00fc\u00dfen und &hellip;<\/div><\/li>\n<li><div class=\"wp-block-latest-posts__featured-image\"><img loading=\"lazy\" decoding=\"async\" width=\"150\" height=\"150\" src=\"https:\/\/experience-reloaded.de\/wp-content\/uploads\/2024\/08\/lichtenberg-150x150.jpg\" class=\"attachment-thumbnail size-thumbnail wp-post-image\" alt=\"\" style=\"\" \/><\/div><a class=\"wp-block-latest-posts__post-title\" href=\"https:\/\/experience-reloaded.de\/?p=183\">Saisonstart 2025 01.05. &#8211; 04.05.2025<\/a><div class=\"wp-block-latest-posts__post-excerpt\">Was f\u00fcr ein wahnsinnig sch\u00f6nes Auftakttreffen &#8211; vielen Dank an alle, die dabei waren &#8211; ohne euch w\u00e4ren so coole Treffen niemals m\u00f6glich. Ein herzliches Dankesch\u00f6n gilt auch unseren Unterst\u00fctzern: dem H\u00f6llental Camping, der MGS Motor Gruppe Sticht aus Hof, MGSCAMPER, Walter Sp\u00f6rl \/ Steinbruch, der Feuerwehr Berg und dem Verein Special Kids Westsachsen e.V. &hellip;<\/div><\/li>\n<li><div class=\"wp-block-latest-posts__featured-image\"><img loading=\"lazy\" decoding=\"async\" width=\"150\" height=\"150\" src=\"https:\/\/experience-reloaded.de\/wp-content\/uploads\/2024\/10\/6BBC51F8-5E4E-4207-95D1-D4509D35089C-e1728053216414-150x150.jpg\" class=\"attachment-thumbnail size-thumbnail wp-post-image\" alt=\"\" style=\"\" \/><\/div><a class=\"wp-block-latest-posts__post-title\" href=\"https:\/\/experience-reloaded.de\/?p=341\">Abschlusstreffen 20.09. &#8211; 22.09.2024<\/a><div class=\"wp-block-latest-posts__post-excerpt\">Hier die Highlights zum Treffen in Pahna weitere Bilder gibt es hier:<\/div><\/li>\n<\/ul>\n\n\n<p><\/p>\n","protected":false},"excerpt":{"rendered":"<p>\u00a0 Klickt gern auf das Datum um zur Anmeldung zu gelangen.<\/p>\n","protected":false},"author":3,"featured_media":0,"parent":0,"menu_order":0,"comment_status":"closed","ping_status":"closed","template":"","meta":{"footnotes":""},"class_list":["post-140","page","type-page","status-publish","hentry"],"aioseo_notices":[],"jetpack_sharing_enabled":true,"_links":{"self":[{"href":"https:\/\/experience-reloaded.de\/index.php?rest_route=\/wp\/v2\/pages\/140","targetHints":{"allow":["GET"]}}],"collection":[{"href":"https:\/\/experience-reloaded.de\/index.php?rest_route=\/wp\/v2\/pages"}],"about":[{"href":"https:\/\/experience-reloaded.de\/index.php?rest_route=\/wp\/v2\/types\/page"}],"author":[{"embeddable":true,"href":"https:\/\/experience-reloaded.de\/index.php?rest_route=\/wp\/v2\/users\/3"}],"replies":[{"embeddable":true,"href":"https:\/\/experience-reloaded.de\/index.php?rest_route=%2Fwp%2Fv2%2Fcomments&post=140"}],"version-history":[{"count":7,"href":"https:\/\/experience-reloaded.de\/index.php?rest_route=\/wp\/v2\/pages\/140\/revisions"}],"predecessor-version":[{"id":539,"href":"https:\/\/experience-reloaded.de\/index.php?rest_route=\/wp\/v2\/pages\/140\/revisions\/539"}],"wp:attachment":[{"href":"https:\/\/experience-reloaded.de\/index.php?rest_route=%2Fwp%2Fv2%2Fmedia&parent=140"}],"curies":[{"name":"wp","href":"https:\/\/api.w.org\/{rel}","templated":true}]}}