{"id":253,"date":"2025-08-03T13:02:59","date_gmt":"2025-08-03T12:02:59","guid":{"rendered":"https:\/\/experience-reloaded.de\/?page_id=253"},"modified":"2026-02-25T07:38:07","modified_gmt":"2026-02-25T06:38:07","slug":"fuer-wen-sammeln-wir-spenden","status":"publish","type":"page","link":"https:\/\/experience-reloaded.de\/?page_id=253","title":{"rendered":"Deine Spende"},"content":{"rendered":"\n<p><strong>verhilft Kindern zu einer unbeschwerteren Zukunft<\/strong><\/p>\n\n\n\n<p class=\"has-text-align-center\">Special Kids Westsachsen e.V. ist eine Selbsthilfeinitiative f\u00fcr Familien mit besonderen Kindern. Seit 2023 bietet er Unterst\u00fctzung, Austausch und Gemeinschaft \u2013 mit Herz und Engagement, um den Alltag von Eltern und Kindern zu st\u00e4rken und zu bereichern. Ihr Ziel ist es, soziale Kontakte herzustellen, Eltern bei Antr\u00e4gen zu unterst\u00fctzen und durch vielf\u00e4ltige Veranstaltungen Abwechslung in den Alltag zu bringen.<\/p>\n\n\n\n<figure class=\"wp-block-image size-large is-resized\"><img fetchpriority=\"high\" decoding=\"async\" width=\"1024\" height=\"662\" src=\"http:\/\/experience-reloaded.de\/wp-content\/uploads\/2025\/08\/IMG_8648-1024x662.jpg\" alt=\"\" class=\"wp-image-771\" style=\"width:1122px;height:auto\" srcset=\"https:\/\/experience-reloaded.de\/wp-content\/uploads\/2025\/08\/IMG_8648-1024x662.jpg 1024w, https:\/\/experience-reloaded.de\/wp-content\/uploads\/2025\/08\/IMG_8648-300x194.jpg 300w, https:\/\/experience-reloaded.de\/wp-content\/uploads\/2025\/08\/IMG_8648-768x497.jpg 768w, https:\/\/experience-reloaded.de\/wp-content\/uploads\/2025\/08\/IMG_8648-464x300.jpg 464w, https:\/\/experience-reloaded.de\/wp-content\/uploads\/2025\/08\/IMG_8648.jpg 1158w\" sizes=\"(max-width: 1024px) 100vw, 1024px\" \/><\/figure>\n\n\n\n<figure class=\"wp-block-image size-large is-resized\"><img decoding=\"async\" width=\"1024\" height=\"690\" src=\"http:\/\/experience-reloaded.de\/wp-content\/uploads\/2025\/08\/IMG_8647-1024x690.jpg\" alt=\"\" class=\"wp-image-765\" style=\"width:1122px;height:auto\" srcset=\"https:\/\/experience-reloaded.de\/wp-content\/uploads\/2025\/08\/IMG_8647-1024x690.jpg 1024w, https:\/\/experience-reloaded.de\/wp-content\/uploads\/2025\/08\/IMG_8647-300x202.jpg 300w, https:\/\/experience-reloaded.de\/wp-content\/uploads\/2025\/08\/IMG_8647-768x517.jpg 768w, https:\/\/experience-reloaded.de\/wp-content\/uploads\/2025\/08\/IMG_8647-446x300.jpg 446w, https:\/\/experience-reloaded.de\/wp-content\/uploads\/2025\/08\/IMG_8647.jpg 1243w\" sizes=\"(max-width: 1024px) 100vw, 1024px\" \/><\/figure>\n\n\n\n<figure class=\"wp-block-image size-large\"><img decoding=\"async\" width=\"1024\" height=\"693\" src=\"http:\/\/experience-reloaded.de\/wp-content\/uploads\/2025\/08\/IMG_8647-2-1024x693.jpg\" alt=\"\" class=\"wp-image-766\" srcset=\"https:\/\/experience-reloaded.de\/wp-content\/uploads\/2025\/08\/IMG_8647-2-1024x693.jpg 1024w, https:\/\/experience-reloaded.de\/wp-content\/uploads\/2025\/08\/IMG_8647-2-300x203.jpg 300w, https:\/\/experience-reloaded.de\/wp-content\/uploads\/2025\/08\/IMG_8647-2-768x520.jpg 768w, https:\/\/experience-reloaded.de\/wp-content\/uploads\/2025\/08\/IMG_8647-2-443x300.jpg 443w, https:\/\/experience-reloaded.de\/wp-content\/uploads\/2025\/08\/IMG_8647-2.jpg 1243w\" sizes=\"(max-width: 1024px) 100vw, 1024px\" \/><\/figure>\n\n\n\n<p><\/p>\n\n\n\n<figure class=\"wp-block-gallery has-nested-images columns-default is-cropped wp-block-gallery-1 is-layout-flex wp-block-gallery-is-layout-flex\">\n<figure class=\"wp-block-image size-large\"><img loading=\"lazy\" decoding=\"async\" width=\"768\" height=\"1024\" data-id=\"754\" src=\"http:\/\/experience-reloaded.de\/wp-content\/uploads\/2025\/08\/IMG_1483-2-768x1024.jpg\" alt=\"Infostand mit Gl\u00fccksrad zu unserem Sommertreffen\" class=\"wp-image-754\" srcset=\"https:\/\/experience-reloaded.de\/wp-content\/uploads\/2025\/08\/IMG_1483-2-768x1024.jpg 768w, https:\/\/experience-reloaded.de\/wp-content\/uploads\/2025\/08\/IMG_1483-2-225x300.jpg 225w, https:\/\/experience-reloaded.de\/wp-content\/uploads\/2025\/08\/IMG_1483-2-1152x1536.jpg 1152w, https:\/\/experience-reloaded.de\/wp-content\/uploads\/2025\/08\/IMG_1483-2-1536x2048.jpg 1536w, https:\/\/experience-reloaded.de\/wp-content\/uploads\/2025\/08\/IMG_1483-2-scaled.jpg 1920w\" sizes=\"(max-width: 768px) 100vw, 768px\" \/><\/figure>\n\n\n\n<figure class=\"wp-block-image size-large\"><img loading=\"lazy\" decoding=\"async\" width=\"1024\" height=\"768\" data-id=\"756\" src=\"http:\/\/experience-reloaded.de\/wp-content\/uploads\/2025\/08\/IMG_8497-1024x768.jpg\" alt=\"\" class=\"wp-image-756\" srcset=\"https:\/\/experience-reloaded.de\/wp-content\/uploads\/2025\/08\/IMG_8497-1024x768.jpg 1024w, https:\/\/experience-reloaded.de\/wp-content\/uploads\/2025\/08\/IMG_8497-300x225.jpg 300w, https:\/\/experience-reloaded.de\/wp-content\/uploads\/2025\/08\/IMG_8497-768x576.jpg 768w, https:\/\/experience-reloaded.de\/wp-content\/uploads\/2025\/08\/IMG_8497-1536x1152.jpg 1536w, https:\/\/experience-reloaded.de\/wp-content\/uploads\/2025\/08\/IMG_8497-2048x1536.jpg 2048w, https:\/\/experience-reloaded.de\/wp-content\/uploads\/2025\/08\/IMG_8497-400x300.jpg 400w\" sizes=\"(max-width: 1024px) 100vw, 1024px\" \/><\/figure>\n<\/figure>\n\n\n\n<h1 class=\"wp-block-heading\">Unterst\u00fctze uns durch unseren <a href=\"https:\/\/experience-reloaded.de\/sample-page\/\" title=\"Merchandising Shop\">Merchandise-Verkauf <\/a>und unsere Spendenbox!<\/h1>\n\n\n\n<p>Wir freuen uns, dir zwei tolle M\u00f6glichkeiten vorzustellen, wie du unsere Mission unterst\u00fctzen kannst:<\/p>\n\n\n\n<ol class=\"wp-block-list\">\n<li><strong>Hol dir unseren einzigartigen Merchandise!<\/strong><br>Mit dem Kauf unserer exklusiven Produkte \u2013 von Sonnenbrillen \u00fcber Handyketten bis zu Schl\u00fcsselanh\u00e4ngern \u2013 tr\u00e4gst du nicht nur unsere Botschaft in die Welt, sondern unterst\u00fctzt uns auch finanziell. Jedes Teil ist mit Liebe gestaltet und steht f\u00fcr unsere gemeinsamen Werte. Schau vorbei und sichere dir dein Lieblingsst\u00fcck!<\/li>\n\n\n\n<li><strong>Spendenbox auf unseren Treffen<\/strong><br>Bei jedem unserer Treffen steht unsere Spendenbox bereit. Jeder Beitrag, egal wie klein, macht einen gro\u00dfen Unterschied! Wirf ein paar M\u00fcnzen oder Scheine hinein und hilf uns, unsere Projekte voranzutreiben.<\/li>\n<\/ol>\n\n\n\n<p><strong>Vielen Dank f\u00fcr deine Unterst\u00fctzung \u2013 gemeinsam k\u00f6nnen wir Gro\u00dfes bewirken!<\/strong><\/p>\n\n\n\n<p><\/p>\n","protected":false},"excerpt":{"rendered":"<p>verhilft Kindern zu einer unbeschwerteren Zukunft Special Kids Westsachsen e.V. ist eine Selbsthilfeinitiative f\u00fcr Familien mit besonderen Kindern. Seit 2023 bietet er Unterst\u00fctzung, Austausch und &hellip;<\/p>\n","protected":false},"author":3,"featured_media":754,"parent":0,"menu_order":0,"comment_status":"closed","ping_status":"closed","template":"","meta":{"footnotes":""},"class_list":["post-253","page","type-page","status-publish","has-post-thumbnail","hentry"],"aioseo_notices":[],"jetpack_sharing_enabled":true,"_links":{"self":[{"href":"https:\/\/experience-reloaded.de\/index.php?rest_route=\/wp\/v2\/pages\/253","targetHints":{"allow":["GET"]}}],"collection":[{"href":"https:\/\/experience-reloaded.de\/index.php?rest_route=\/wp\/v2\/pages"}],"about":[{"href":"https:\/\/experience-reloaded.de\/index.php?rest_route=\/wp\/v2\/types\/page"}],"author":[{"embeddable":true,"href":"https:\/\/experience-reloaded.de\/index.php?rest_route=\/wp\/v2\/users\/3"}],"replies":[{"embeddable":true,"href":"https:\/\/experience-reloaded.de\/index.php?rest_route=%2Fwp%2Fv2%2Fcomments&post=253"}],"version-history":[{"count":24,"href":"https:\/\/experience-reloaded.de\/index.php?rest_route=\/wp\/v2\/pages\/253\/revisions"}],"predecessor-version":[{"id":867,"href":"https:\/\/experience-reloaded.de\/index.php?rest_route=\/wp\/v2\/pages\/253\/revisions\/867"}],"wp:featuredmedia":[{"embeddable":true,"href":"https:\/\/experience-reloaded.de\/index.php?rest_route=\/wp\/v2\/media\/754"}],"wp:attachment":[{"href":"https:\/\/experience-reloaded.de\/index.php?rest_route=%2Fwp%2Fv2%2Fmedia&parent=253"}],"curies":[{"name":"wp","href":"https:\/\/api.w.org\/{rel}","templated":true}]}}